-157. List the prime factors of y.
2, 5, 11
Suppose g + 4696 = 5*g - b, 5*b = 2*g - 2366. What are the prime factors of g?
3, 17, 23
Let z = 5 - 6. What are the prime factors of 17552/68 + (-15)/(-17) + z?
2, 3, 43
Let k = 24 - 22. Suppose 4*b + 140 = k*b. What are the prime factors of 2/3 - b/3?
2, 3
Suppose -1 = 2*k + 3. Let i be k/8 - (-270)/24. What are the prime factors of 26*1*i/11?
2, 13
Let x(y) = -2*y**2 - 7*y - 5. Let f be x(-4). Let t be 6/f*135/(-6). Suppose 0*i = -i + t. What are the prime factors of i?
3, 5
Suppose -4*s + 24 = -s. Suppose 5*f - 3*f = s. Suppose 0*r + f*r - 116 = 0. List the prime factors of r.
29
Suppose h + 5 = 0, 6*i = i + 5*h + 30. Let b be i/((-3)/87*-1). Suppose 4*q = 205 - b. What are the prime factors of q?
2, 11
Let q = -22 + 10. Let i = -2 + q. What are the prime factors of i + 24 + 4/(-2)?
2
Suppose 0 = 6*y - 523 + 19. List the prime factors of y.
2, 3, 7
Let l be (2/(-2))/(2/(-6)). Suppose -5*x + 4*a = -176, -5*a = -4*x - x + 180. What are the prime factors of (x/l)/(22/99)?
2, 3
List the prime factors of -7 - -2 - (4 - 4398/2).
2, 3, 5, 73
Suppose 10530 = 10*c + 3*c. List the prime factors of c.
2, 3, 5
Suppose 3*s - 774 = 4*x + 1507, s - 4*x - 763 = 0. What are the prime factors of s?
3, 11, 23
Let a(g) = -6*g + 12. Let q be a(6). Let k be (8/q)/((-2)/12). Suppose 0*n - 20 = -n - 5*t, k*n - 40 = 3*t. What are the prime factors of n?
2, 5
Let c(v) = -v**3 + 10*v**2 + v - 8. Let n be c(10). What are the prime factors of (104 - 0) + (n/(-1))/2?
103
Suppose 0 = 4*t - 2347 - 1897. List the prime factors of t.
1061
Let d = 23 + -19. Suppose d = -b + 3*b. Suppose k = -b*l - 3*k + 52, l - k - 20 = 0. What are the prime factors of l?
2, 11
Suppose 23*r = 146280 - 25875. What are the prime factors of r?
3, 5, 349
Let d = 3188 - 1736. What are the prime factors of d?
2, 3, 11
Suppose 2*z + 38 = 2*k, 2*z = -3*k + 4*z + 62. Let w = 32 - k. List the prime factors of -16*w*(-4)/8.
2
Let n be 4/(-18) - 2412/81. Let x = 54 + n. List the prime factors of x.
2, 3
What are the prime factors of (-741)/(-1) + (-232)/(-58)?
5, 149
Suppose 3*t = 2 + 1, 22 = -4*p - 2*t. List the prime factors of 1952/48 - (-4)/p.
2, 5
Let o(z) = z**3 + 2*z**2 + z + 48. Let h(g) = g**3 + 8*g**2 - 10*g - 9. Let r be h(-9). What are the prime factors of o(r)?
2, 3
Let m(n) = n**3 + 5*n**2 - n - 5. Let d be m(-5). Suppose 0 = -4*f + 2*a - d*a + 16, 14 = 2*f - 4*a. List the prime factors of 3 - (-4 - 1)*f.
2, 3
Suppose 0*j + 4*j + 72 = 0. What are the prime factors of (-806)/j - (-10)/45?
3, 5
Let b(t) = 80*t - 10. Let m be b(8). List the prime factors of (-4)/8 - m/(-12).
2, 13
What are the prime factors of -11 - (-64)/6 - 12788/(-6)?
2131
Suppose 2*l = 2*o - 20, -3*o = 3*l - 2*o + 38. Let v = l + 9. Let s(r) = 2*r**2 - r - 1. What are the prime factors of s(v)?
2, 5
Suppose d = -5*z + 11*z + 1575, -2*z - 1555 = -d. What are the prime factors of d?
3, 5, 103
Suppose -3*p + p - 2 = 0. Let o be -19 - -6 - 3*p. Let t = o - -32. What are the prime factors of t?
2, 11
Let h(j) = -j**2 + 15*j + 18. Let q be h(16). Suppose -5*l - 124 = -q*a, -2*l + 124 = 2*a - 3*l. Let c = a + -40. What are the prime factors of c?
2, 11
Suppose -3*f + 69 = -0. Let a = 33 - f. What are the prime factors of a?
2, 5
Let o(u) = -6*u + 7. Suppose -4*z = -z + 3*p, 4*z + 3*p + 3 = 0. List the prime factors of o(z).
5
Let b = -13 - -9. Let o(z) = 7*z + 6. Let w(a) = 14*a + 12. Let l(i) = -9*o(i) + 4*w(i). What are the prime factors of l(b)?
2, 11
Let d = -6 + 3. Suppose 17*t + 3*t = -60. What are the prime factors of (t + -1)*(d + -11)?
2, 7
Suppose 6356 = 5*f + 1001. Suppose 10*p - 669 - f = 0. List the prime factors of p.
2, 3, 29
Let j be (-1 + -1)/(5/60). Let s = j + 35. Let r(w) = -w**3 + 11*w**2 + 3*w - 13. What are the prime factors of r(s)?
2, 5
Let s = -21 + -96. Let x = s + 132. List the prime factors of x.
3, 5
Suppose 0 = -3*o - 2*b + 784, b + 1265 = 5*o - 4*b. What are the prime factors of o?
2, 3, 43
Let c = -2128 + 2717. List the prime factors of c.
19, 31
Let p(k) = k**2 + 15*k - 14. Suppose -6*z = z + 112. Let i be p(z). Suppose f - 82 = 2*x, 3*f + i*x = 5*f - 164. What are the prime factors of f?
2, 41
Suppose 4*r = 41 - 17. Let j be 105/(-7)*(-2)/r. Suppose -j*d + 138 = 18. What are the prime factors of d?
2, 3
Suppose -58*u + 37107 = -27*u. List the prime factors of u.
3, 7, 19
Suppose 3*j + 212 = -28. Let k = 156 + j. What are the prime factors of k?
2, 19
Let f = 37 + -25. Suppose 3 + 5 = 4*a - j, f = 3*j. List the prime factors of a + 0/4 - -32.
5, 7
Suppose -5*y + 764 = 3*p, -5*y + 228 = 4*p - 794. What are the prime factors of p?
2, 3, 43
Suppose 4*t - 1195 = -4*o + 161, -702 = -2*t + 4*o. What are the prime factors of t?
7
Let q(f) = -f**3 + 6*f**2 - 4*f. Let l be q(5). Suppose 3*t = l*t - 6. Suppose 5*h = a + 123, -t - 12 = 5*a. List the prime factors of h.
2, 3
Let k(y) = y**3 + 9*y**2 - 10*y + 5. Let i be k(-10). Suppose -2*a + a = -i*z + 285, -4*z + 2*a + 234 = 0. What are the prime factors of z?
2, 7
What are the prime factors of ((-374)/(-4))/(8*2/320)?
2, 5, 11, 17
Suppose 5*d + f - 2085 = 2210, -5*f = 25. List the prime factors of d.
2, 5, 43
Let n(l) = 11*l + 4. Suppose -r = -w + 3, -5*w + 2*w + 9 = 3*r. Suppose 2*y + 3*d + 0 = 1, r = 3*y + d - 12. List the prime factors of n(y).
59
Let u be (4 + 0)*(-1)/(8/(-26)). Let i = 149 - u. List the prime factors of i.
2, 17
Suppose 3*p = 9*p - 42. Suppose -2*k = -p - 11. List the prime factors of k.
3
Suppose 3*l + 12*v - 2659 = 7*v, -5 = 5*v. List the prime factors of l.
2, 3, 37
Let u(t) = -t + 5. Let f be u(5). Suppose -2*l = 2*y - 96, f*l = -5*l + 20. Suppose -2*r + 4*r - y = 0. What are the prime factors of r?
2, 11
Suppose -x = -2*x + 5. Suppose -3 = o, 2*z - 247 = -x*o + 4*o. What are the prime factors of z?
5
Let j be 492/(-18)*(-12)/(-4). Let t = j - -214. What are the prime factors of t?
2, 3, 11
Let c = 16 + -19. Let k = 5 + c. Let g = k - -3. What are the prime factors of g?
5
Let n(s) = -s. Let g(r) = r**2 - 6*r - 5. Let f(u) = g(u) - 5*n(u). Let d be f(-4). Suppose q + 4 = d. What are the prime factors of q?
11
Suppose 0 = -4*p + 3*z + z + 28, -2*p + 4*z = -24. Suppose 0 = -p*m - i + 246, 0 = 5*m - 4*i + 3*i - 622. Suppose m = 3*b + 28. List the prime factors of b.
2
Let z(s) = 8*s**3 + 2*s**2 + 4*s - 11. List the prime factors of z(3).
5, 47
Suppose -6*r + 10*r - 8 = 0. List the prime factors of r/(-7) + (-5830)/(-70).
83
Suppose r + 0*k - 169 = -3*k, 0 = 5*k - 5. What are the prime factors of r?
2, 83
Let j(i) = i + 3. Let n be j(4). Suppose 9*a = n*a + 218. What are the prime factors of a?
109
Let u(g) = -165*g - 1. Suppose n - 2*b = 4*n + 9, b + 3 = 0. What are the prime factors of u(n)?
2, 41
Suppose -2*c - b = -4*b - 16, 3*c + 2 = -2*b. Suppose -172 + 210 = c*n. List the prime factors of n.
19
Suppose 6*m - 888 = 2622. What are the prime factors of m?
3, 5, 13
Let h be 30/8*(-16)/(-6). Let v = 24 - h. What are the prime factors of v?
2, 7
Let f = 0 + 3. Let w = -11 - 0. Let a = f - w. What are the prime factors of a?
2, 7
Let v = -131 - -61. Let p = v - -21. Let b = -12 - p. What are the prime factors of b?
37
Suppose 0 = -4*y + 9*y - 200. Let p = -11 + y. Suppose 0 = 2*d - p - 25. What are the prime factors of d?
3
Let h be 1747/11 - (3 + (-140)/44). Let z = 281 - h. List the prime factors of z.
2, 61
Let d(k) = 86*k - 248. What are the prime factors of d(16)?
2, 3, 47
Suppose -7*v - 5*v = -60. Let t = -73 - -108. Suppose v*n + 5*q - 40 = t, 2*n + q = 30. List the prime factors of n.
3, 5
Let d(f) = -2*f**3 - f**2 - 3*f - 4. Let l be d(-4). Suppose -3*a + 4*a - l = 0. Suppose 5*v + a = 8*v. List the prime factors of v.
2, 5
Suppose 7*d + 2968 = 10647. List the prime factors of d.
1097
Let b(w) = w + 1. Let q(a) = a**2 + 6*a + 20. Let c(l) = -5*b(l) + q(l). Let i be -4 - (2 - 7) - 1. List the prime factors of c(i).
3, 5
Let s(v) = 129*v**2 - 9 + 92*v**2 - 6*v + 14*v + 15*v**2. List the prime factors of s(1).
5, 47
Let u(z) = -24*z - 10. Let g(p) = 455*p + 189. Let j(h) = 3*g(h) + 56*u(h). Let f be j(-3). Let r = f + 91. What are the prime factors of r?
5, 7
Suppose 4*g + 5*f + 43 = 0, -4*f + 8 + 80 = -4*g. Let h(t) = 5*t + 9. Let c be h(5). Let m = g + c. List the prime facto